{"id":606,"date":"2018-03-05T18:33:15","date_gmt":"2018-03-05T17:33:15","guid":{"rendered":"http:\/\/sophiepapiau.fr\/wordpress\/?page_id=606"},"modified":"2018-06-22T09:27:41","modified_gmt":"2018-06-22T08:27:41","slug":"stomatolhites-installation-nantes","status":"publish","type":"page","link":"https:\/\/sophiepapiau.fr\/wordpress\/work\/installations\/stomatolhites-installation-nantes\/","title":{"rendered":"Stromatolithes \/ Installation \/ Nantes"},"content":{"rendered":"<p>&nbsp;<\/p>\n<p>&nbsp;<\/p>\n<p><img decoding=\"async\" loading=\"lazy\" class=\"wp-image-16 aligncenter\" src=\"https:\/\/sophiepapiau.fr\/wordpress\/wp-content\/uploads\/2016\/11\/P10808922-300x191.jpg\" alt=\"\" width=\"634\" height=\"404\" srcset=\"https:\/\/sophiepapiau.fr\/wordpress\/wp-content\/uploads\/2016\/11\/P10808922-300x191.jpg 300w, https:\/\/sophiepapiau.fr\/wordpress\/wp-content\/uploads\/2016\/11\/P10808922-768x489.jpg 768w, https:\/\/sophiepapiau.fr\/wordpress\/wp-content\/uploads\/2016\/11\/P10808922-1024x653.jpg 1024w, https:\/\/sophiepapiau.fr\/wordpress\/wp-content\/uploads\/2016\/11\/P10808922-424x270.jpg 424w, https:\/\/sophiepapiau.fr\/wordpress\/wp-content\/uploads\/2016\/11\/P10808922.jpg 1624w\" sizes=\"(max-width: 634px) 100vw, 634px\" \/><\/p>\n<p>&nbsp;<\/p>\n<p>&nbsp;<\/p>\n<p>Stromatolites, 2017, C\u00e9ramiques, lait, tissus, H + ou\u2013 75 cm. Installation compos\u00e9e de plusieurs sculptures au sol et sur le mur.<\/p>\n<p>Les sculptures sont constitu\u00e9es en 2 parties : un volume en tissu fronc\u00e9 cousu sur une c\u00e9ramique patin\u00e9e au lait.<\/p>\n<p>Mi-min\u00e9ral mi-animal, le stromatolite est une des premi\u00e8res forme de vie sur terre. C\u2019est une structure calcaire qui se d\u00e9veloppe en milieu aquatique et vit en colonie.<\/p>\n<p>Les sculptures sont compos\u00e9es de c\u00e9ramique et textile et forment des volumes binaires. Le pied en c\u00e9ramique se d\u00e9veloppe comme une arborescence ou le textile se greffe.<\/p>\n<p>&nbsp;<\/p>\n<p><img decoding=\"async\" loading=\"lazy\" class=\"wp-image-229 alignleft\" src=\"https:\/\/sophiepapiau.fr\/wordpress\/wp-content\/uploads\/2017\/06\/P109054-300x215.jpg\" alt=\"\" width=\"454\" height=\"326\" srcset=\"https:\/\/sophiepapiau.fr\/wordpress\/wp-content\/uploads\/2017\/06\/P109054-300x215.jpg 300w, https:\/\/sophiepapiau.fr\/wordpress\/wp-content\/uploads\/2017\/06\/P109054-768x550.jpg 768w, https:\/\/sophiepapiau.fr\/wordpress\/wp-content\/uploads\/2017\/06\/P109054-1024x733.jpg 1024w, https:\/\/sophiepapiau.fr\/wordpress\/wp-content\/uploads\/2017\/06\/P109054.jpg 1063w\" sizes=\"(max-width: 454px) 100vw, 454px\" \/><\/p>\n<p><img decoding=\"async\" loading=\"lazy\" class=\"wp-image-230 aligncenter\" src=\"https:\/\/sophiepapiau.fr\/wordpress\/wp-content\/uploads\/2017\/06\/P1090586-165x300.jpg\" alt=\"\" width=\"189\" height=\"343\" srcset=\"https:\/\/sophiepapiau.fr\/wordpress\/wp-content\/uploads\/2017\/06\/P1090586-165x300.jpg 165w, https:\/\/sophiepapiau.fr\/wordpress\/wp-content\/uploads\/2017\/06\/P1090586-564x1024.jpg 564w, https:\/\/sophiepapiau.fr\/wordpress\/wp-content\/uploads\/2017\/06\/P1090586.jpg 585w\" sizes=\"(max-width: 189px) 100vw, 189px\" \/><\/p>\n<p><img decoding=\"async\" loading=\"lazy\" class=\"wp-image-228 alignright\" src=\"https:\/\/sophiepapiau.fr\/wordpress\/wp-content\/uploads\/2017\/06\/P1090551-169x300.jpg\" alt=\"\" width=\"229\" height=\"407\" srcset=\"https:\/\/sophiepapiau.fr\/wordpress\/wp-content\/uploads\/2017\/06\/P1090551-169x300.jpg 169w, https:\/\/sophiepapiau.fr\/wordpress\/wp-content\/uploads\/2017\/06\/P1090551-576x1024.jpg 576w, https:\/\/sophiepapiau.fr\/wordpress\/wp-content\/uploads\/2017\/06\/P1090551.jpg 598w\" sizes=\"(max-width: 229px) 100vw, 229px\" \/><\/p>\n<p><img decoding=\"async\" loading=\"lazy\" class=\"wp-image-227 alignleft\" src=\"https:\/\/sophiepapiau.fr\/wordpress\/wp-content\/uploads\/2017\/06\/P10905531-169x300.jpg\" alt=\"\" width=\"236\" height=\"419\" srcset=\"https:\/\/sophiepapiau.fr\/wordpress\/wp-content\/uploads\/2017\/06\/P10905531-169x300.jpg 169w, https:\/\/sophiepapiau.fr\/wordpress\/wp-content\/uploads\/2017\/06\/P10905531-576x1024.jpg 576w, https:\/\/sophiepapiau.fr\/wordpress\/wp-content\/uploads\/2017\/06\/P10905531.jpg 598w\" sizes=\"(max-width: 236px) 100vw, 236px\" \/><\/p>\n","protected":false},"excerpt":{"rendered":"<p>&nbsp; &nbsp; &nbsp; &nbsp; Stromatolites, 2017, C\u00e9ramiques, lait, tissus, H + ou\u2013 75 cm. Installation compos\u00e9e de plusieurs sculptures au sol et sur le mur. Les sculptures sont constitu\u00e9es en 2 parties : un volume en tissu fronc\u00e9 cousu sur une c\u00e9ramique patin\u00e9e au lait. Mi-min\u00e9ral mi-animal, le stromatolite est une des premi\u00e8res forme de vie sur terre. C\u2019est une structure calcaire qui se d\u00e9veloppe en milieu aquatique et vit.. <a href=\"https:\/\/sophiepapiau.fr\/wordpress\/work\/installations\/stomatolhites-installation-nantes\/\">Read More<\/a><\/p>\n","protected":false},"author":1,"featured_media":0,"parent":591,"menu_order":0,"comment_status":"closed","ping_status":"closed","template":"","meta":[],"_links":{"self":[{"href":"https:\/\/sophiepapiau.fr\/wordpress\/wp-json\/wp\/v2\/pages\/606"}],"collection":[{"href":"https:\/\/sophiepapiau.fr\/wordpress\/wp-json\/wp\/v2\/pages"}],"about":[{"href":"https:\/\/sophiepapiau.fr\/wordpress\/wp-json\/wp\/v2\/types\/page"}],"author":[{"embeddable":true,"href":"https:\/\/sophiepapiau.fr\/wordpress\/wp-json\/wp\/v2\/users\/1"}],"replies":[{"embeddable":true,"href":"https:\/\/sophiepapiau.fr\/wordpress\/wp-json\/wp\/v2\/comments?post=606"}],"version-history":[{"count":11,"href":"https:\/\/sophiepapiau.fr\/wordpress\/wp-json\/wp\/v2\/pages\/606\/revisions"}],"predecessor-version":[{"id":772,"href":"https:\/\/sophiepapiau.fr\/wordpress\/wp-json\/wp\/v2\/pages\/606\/revisions\/772"}],"up":[{"embeddable":true,"href":"https:\/\/sophiepapiau.fr\/wordpress\/wp-json\/wp\/v2\/pages\/591"}],"wp:attachment":[{"href":"https:\/\/sophiepapiau.fr\/wordpress\/wp-json\/wp\/v2\/media?parent=606"}],"curies":[{"name":"wp","href":"https:\/\/api.w.org\/{rel}","templated":true}]}}