{"id":593,"date":"2018-03-05T17:53:24","date_gmt":"2018-03-05T16:53:24","guid":{"rendered":"http:\/\/sophiepapiau.fr\/wordpress\/?page_id=593"},"modified":"2018-03-05T18:29:59","modified_gmt":"2018-03-05T17:29:59","slug":"mutation-douce-atelier-alain-lebras-residence-nantes","status":"publish","type":"page","link":"https:\/\/sophiepapiau.fr\/wordpress\/work\/installations\/mutation-douce-atelier-alain-lebras-residence-nantes\/","title":{"rendered":"Mutation douce \/ Atelier Alain Lebras \/ R\u00e9sidence \/ Nantes"},"content":{"rendered":"<p>&nbsp;<\/p>\n<p>&nbsp;<\/p>\n<p><img decoding=\"async\" loading=\"lazy\" class=\"alignnone wp-image-600\" src=\"https:\/\/sophiepapiau.fr\/wordpress\/wp-content\/uploads\/2018\/03\/Installation-La-bras--218x300.jpg\" alt=\"\" width=\"468\" height=\"644\" srcset=\"https:\/\/sophiepapiau.fr\/wordpress\/wp-content\/uploads\/2018\/03\/Installation-La-bras--218x300.jpg 218w, https:\/\/sophiepapiau.fr\/wordpress\/wp-content\/uploads\/2018\/03\/Installation-La-bras--768x1056.jpg 768w, https:\/\/sophiepapiau.fr\/wordpress\/wp-content\/uploads\/2018\/03\/Installation-La-bras--745x1024.jpg 745w, https:\/\/sophiepapiau.fr\/wordpress\/wp-content\/uploads\/2018\/03\/Installation-La-bras-.jpg 1700w\" sizes=\"(max-width: 468px) 100vw, 468px\" \/><img decoding=\"async\" loading=\"lazy\" class=\"wp-image-604 alignright\" src=\"https:\/\/sophiepapiau.fr\/wordpress\/wp-content\/uploads\/2018\/03\/IGP5808-183x300.jpg\" alt=\"\" width=\"302\" height=\"495\" srcset=\"https:\/\/sophiepapiau.fr\/wordpress\/wp-content\/uploads\/2018\/03\/IGP5808-183x300.jpg 183w, https:\/\/sophiepapiau.fr\/wordpress\/wp-content\/uploads\/2018\/03\/IGP5808-768x1261.jpg 768w, https:\/\/sophiepapiau.fr\/wordpress\/wp-content\/uploads\/2018\/03\/IGP5808-624x1024.jpg 624w\" sizes=\"(max-width: 302px) 100vw, 302px\" \/><\/p>\n<p>Mutation douce, Installation r\u00e9alis\u00e9e avec Heather Lyon, Tissus, broderies, c\u00e9ramiques \u00e9maill\u00e9es, plantes tr\u00e9ss\u00e9es.<\/p>\n<p><img decoding=\"async\" loading=\"lazy\" class=\"wp-image-598 alignleft\" src=\"https:\/\/sophiepapiau.fr\/wordpress\/wp-content\/uploads\/2018\/03\/IGP5815-300x201.jpg\" alt=\"\" width=\"500\" height=\"335\" srcset=\"https:\/\/sophiepapiau.fr\/wordpress\/wp-content\/uploads\/2018\/03\/IGP5815-300x201.jpg 300w, https:\/\/sophiepapiau.fr\/wordpress\/wp-content\/uploads\/2018\/03\/IGP5815-768x514.jpg 768w, https:\/\/sophiepapiau.fr\/wordpress\/wp-content\/uploads\/2018\/03\/IGP5815-1024x685.jpg 1024w\" sizes=\"(max-width: 500px) 100vw, 500px\" \/><img decoding=\"async\" loading=\"lazy\" class=\"size-medium wp-image-599 alignright\" src=\"https:\/\/sophiepapiau.fr\/wordpress\/wp-content\/uploads\/2018\/03\/IGP5836-201x300.jpg\" alt=\"\" width=\"201\" height=\"300\" srcset=\"https:\/\/sophiepapiau.fr\/wordpress\/wp-content\/uploads\/2018\/03\/IGP5836-201x300.jpg 201w, https:\/\/sophiepapiau.fr\/wordpress\/wp-content\/uploads\/2018\/03\/IGP5836-768x1147.jpg 768w, https:\/\/sophiepapiau.fr\/wordpress\/wp-content\/uploads\/2018\/03\/IGP5836-685x1024.jpg 685w\" sizes=\"(max-width: 201px) 100vw, 201px\" \/><\/p>\n","protected":false},"excerpt":{"rendered":"<p>&nbsp; &nbsp; Mutation douce, Installation r\u00e9alis\u00e9e avec Heather Lyon, Tissus, broderies, c\u00e9ramiques \u00e9maill\u00e9es, plantes tr\u00e9ss\u00e9es.<\/p>\n","protected":false},"author":1,"featured_media":0,"parent":591,"menu_order":0,"comment_status":"closed","ping_status":"closed","template":"","meta":[],"_links":{"self":[{"href":"https:\/\/sophiepapiau.fr\/wordpress\/wp-json\/wp\/v2\/pages\/593"}],"collection":[{"href":"https:\/\/sophiepapiau.fr\/wordpress\/wp-json\/wp\/v2\/pages"}],"about":[{"href":"https:\/\/sophiepapiau.fr\/wordpress\/wp-json\/wp\/v2\/types\/page"}],"author":[{"embeddable":true,"href":"https:\/\/sophiepapiau.fr\/wordpress\/wp-json\/wp\/v2\/users\/1"}],"replies":[{"embeddable":true,"href":"https:\/\/sophiepapiau.fr\/wordpress\/wp-json\/wp\/v2\/comments?post=593"}],"version-history":[{"count":5,"href":"https:\/\/sophiepapiau.fr\/wordpress\/wp-json\/wp\/v2\/pages\/593\/revisions"}],"predecessor-version":[{"id":605,"href":"https:\/\/sophiepapiau.fr\/wordpress\/wp-json\/wp\/v2\/pages\/593\/revisions\/605"}],"up":[{"embeddable":true,"href":"https:\/\/sophiepapiau.fr\/wordpress\/wp-json\/wp\/v2\/pages\/591"}],"wp:attachment":[{"href":"https:\/\/sophiepapiau.fr\/wordpress\/wp-json\/wp\/v2\/media?parent=593"}],"curies":[{"name":"wp","href":"https:\/\/api.w.org\/{rel}","templated":true}]}}