{"id":122,"date":"2017-02-01T16:57:48","date_gmt":"2017-02-01T15:57:48","guid":{"rendered":"http:\/\/sophiepapiau.fr\/wordpress\/?page_id=122"},"modified":"2018-03-07T14:26:11","modified_gmt":"2018-03-07T13:26:11","slug":"ceramiques","status":"publish","type":"page","link":"https:\/\/sophiepapiau.fr\/wordpress\/work\/ceramiques\/","title":{"rendered":"C\u00e9ramiques"},"content":{"rendered":"<p>&nbsp;<\/p>\n<p><img decoding=\"async\" loading=\"lazy\" class=\"wp-image-619 aligncenter\" src=\"https:\/\/sophiepapiau.fr\/wordpress\/wp-content\/uploads\/2018\/03\/Dents-expo-atelier-2014-300x199.jpg\" alt=\"\" width=\"762\" height=\"506\" srcset=\"https:\/\/sophiepapiau.fr\/wordpress\/wp-content\/uploads\/2018\/03\/Dents-expo-atelier-2014-300x199.jpg 300w, https:\/\/sophiepapiau.fr\/wordpress\/wp-content\/uploads\/2018\/03\/Dents-expo-atelier-2014-768x510.jpg 768w, https:\/\/sophiepapiau.fr\/wordpress\/wp-content\/uploads\/2018\/03\/Dents-expo-atelier-2014-1024x680.jpg 1024w, https:\/\/sophiepapiau.fr\/wordpress\/wp-content\/uploads\/2018\/03\/Dents-expo-atelier-2014.jpg 1772w\" sizes=\"(max-width: 762px) 100vw, 762px\" \/><\/p>\n<p>L&rsquo;art prends l&rsquo;air\u00a0 \/ Atelier bitche \/ Dents \/C\u00e9ramique \u00e9maill\u00e9es tailles variables \/ 2014.<\/p>\n<p>&nbsp;<\/p>\n<p>&nbsp;<\/p>\n<p><img decoding=\"async\" loading=\"lazy\" class=\"wp-image-617 alignleft\" src=\"https:\/\/sophiepapiau.fr\/wordpress\/wp-content\/uploads\/2018\/03\/IGP5920-300x201.jpg\" alt=\"\" width=\"168\" height=\"112\" srcset=\"https:\/\/sophiepapiau.fr\/wordpress\/wp-content\/uploads\/2018\/03\/IGP5920-300x201.jpg 300w, https:\/\/sophiepapiau.fr\/wordpress\/wp-content\/uploads\/2018\/03\/IGP5920-768x514.jpg 768w, https:\/\/sophiepapiau.fr\/wordpress\/wp-content\/uploads\/2018\/03\/IGP5920-1024x685.jpg 1024w\" sizes=\"(max-width: 168px) 100vw, 168px\" \/><img decoding=\"async\" loading=\"lazy\" class=\"wp-image-618 alignnone\" src=\"https:\/\/sophiepapiau.fr\/wordpress\/wp-content\/uploads\/2018\/03\/IGP5922-300x201.jpg\" alt=\"\" width=\"171\" height=\"114\" srcset=\"https:\/\/sophiepapiau.fr\/wordpress\/wp-content\/uploads\/2018\/03\/IGP5922-300x201.jpg 300w, https:\/\/sophiepapiau.fr\/wordpress\/wp-content\/uploads\/2018\/03\/IGP5922-768x514.jpg 768w, https:\/\/sophiepapiau.fr\/wordpress\/wp-content\/uploads\/2018\/03\/IGP5922-1024x685.jpg 1024w\" sizes=\"(max-width: 171px) 100vw, 171px\" \/><img decoding=\"async\" loading=\"lazy\" class=\"alignnone wp-image-616\" src=\"https:\/\/sophiepapiau.fr\/wordpress\/wp-content\/uploads\/2018\/03\/IGP5909-300x201.jpg\" alt=\"\" width=\"174\" height=\"116\" srcset=\"https:\/\/sophiepapiau.fr\/wordpress\/wp-content\/uploads\/2018\/03\/IGP5909-300x201.jpg 300w, https:\/\/sophiepapiau.fr\/wordpress\/wp-content\/uploads\/2018\/03\/IGP5909-768x514.jpg 768w, https:\/\/sophiepapiau.fr\/wordpress\/wp-content\/uploads\/2018\/03\/IGP5909-1024x685.jpg 1024w\" sizes=\"(max-width: 174px) 100vw, 174px\" \/><img decoding=\"async\" loading=\"lazy\" class=\"wp-image-615 alignnone\" src=\"https:\/\/sophiepapiau.fr\/wordpress\/wp-content\/uploads\/2018\/03\/IGP5907-300x201.jpg\" alt=\"\" width=\"170\" height=\"114\" srcset=\"https:\/\/sophiepapiau.fr\/wordpress\/wp-content\/uploads\/2018\/03\/IGP5907-300x201.jpg 300w, https:\/\/sophiepapiau.fr\/wordpress\/wp-content\/uploads\/2018\/03\/IGP5907-768x514.jpg 768w, https:\/\/sophiepapiau.fr\/wordpress\/wp-content\/uploads\/2018\/03\/IGP5907-1024x685.jpg 1024w\" sizes=\"(max-width: 170px) 100vw, 170px\" \/>\u00a0 Empreintes de main \/ C\u00e9ramiques \u00e9maill\u00e9es \/ 2009.<\/p>\n<p>&nbsp;<\/p>\n<p>&nbsp;<\/p>\n<p><img decoding=\"async\" loading=\"lazy\" class=\" wp-image-257 aligncenter\" src=\"https:\/\/sophiepapiau.fr\/wordpress\/wp-content\/uploads\/2017\/02\/ce3-300x231.jpg\" alt=\"\" width=\"449\" height=\"345\" srcset=\"https:\/\/sophiepapiau.fr\/wordpress\/wp-content\/uploads\/2017\/02\/ce3-300x231.jpg 300w, https:\/\/sophiepapiau.fr\/wordpress\/wp-content\/uploads\/2017\/02\/ce3-768x591.jpg 768w, https:\/\/sophiepapiau.fr\/wordpress\/wp-content\/uploads\/2017\/02\/ce3.jpg 780w\" sizes=\"(max-width: 449px) 100vw, 449px\" \/><\/p>\n<p>Sweet temptation \/bonbonni\u00e8re \/ C\u00e9ramiques \u00e9maill\u00e9es \/ H : 12cm \/ 2011<\/p>\n<p>&nbsp;<\/p>\n<figure id=\"attachment_256\" aria-describedby=\"caption-attachment-256\" style=\"width: 176px\" class=\"wp-caption alignleft\"><img decoding=\"async\" loading=\"lazy\" class=\"wp-image-256 size-medium\" src=\"https:\/\/sophiepapiau.fr\/wordpress\/wp-content\/uploads\/2017\/02\/ce2-176x300.jpg\" alt=\"\" width=\"176\" height=\"300\" srcset=\"https:\/\/sophiepapiau.fr\/wordpress\/wp-content\/uploads\/2017\/02\/ce2-176x300.jpg 176w, https:\/\/sophiepapiau.fr\/wordpress\/wp-content\/uploads\/2017\/02\/ce2.jpg 352w\" sizes=\"(max-width: 176px) 100vw, 176px\" \/><figcaption id=\"caption-attachment-256\" class=\"wp-caption-text\">Sp\u00e9lonque, c\u00e9ramique \u00e9maill\u00e9e,17 cm 2011.<\/figcaption><\/figure>\n<figure id=\"attachment_258\" aria-describedby=\"caption-attachment-258\" style=\"width: 182px\" class=\"wp-caption alignright\"><img decoding=\"async\" loading=\"lazy\" class=\"wp-image-258 size-medium\" src=\"https:\/\/sophiepapiau.fr\/wordpress\/wp-content\/uploads\/2017\/02\/ce4-182x300.jpg\" alt=\"\" width=\"182\" height=\"300\" srcset=\"https:\/\/sophiepapiau.fr\/wordpress\/wp-content\/uploads\/2017\/02\/ce4-182x300.jpg 182w, https:\/\/sophiepapiau.fr\/wordpress\/wp-content\/uploads\/2017\/02\/ce4.jpg 364w\" sizes=\"(max-width: 182px) 100vw, 182px\" \/><figcaption id=\"caption-attachment-258\" class=\"wp-caption-text\">Fleur bleue, C\u00e9ramique \u00e9maill\u00e9e, 8cm,2009<\/figcaption><\/figure>\n<figure id=\"attachment_259\" aria-describedby=\"caption-attachment-259\" style=\"width: 168px\" class=\"wp-caption alignright\"><img decoding=\"async\" loading=\"lazy\" class=\"wp-image-259 size-medium\" src=\"https:\/\/sophiepapiau.fr\/wordpress\/wp-content\/uploads\/2017\/02\/ce5-168x300.jpg\" alt=\"\" width=\"168\" height=\"300\" srcset=\"https:\/\/sophiepapiau.fr\/wordpress\/wp-content\/uploads\/2017\/02\/ce5-168x300.jpg 168w, https:\/\/sophiepapiau.fr\/wordpress\/wp-content\/uploads\/2017\/02\/ce5.jpg 336w\" sizes=\"(max-width: 168px) 100vw, 168px\" \/><figcaption id=\"caption-attachment-259\" class=\"wp-caption-text\">N\u00e9bule anis, c\u00e9ramique \u00e9maill\u00e9e 15 cm 2010<\/figcaption><\/figure>\n<figure id=\"attachment_261\" aria-describedby=\"caption-attachment-261\" style=\"width: 184px\" class=\"wp-caption alignright\"><img decoding=\"async\" loading=\"lazy\" class=\"wp-image-261 size-medium\" src=\"https:\/\/sophiepapiau.fr\/wordpress\/wp-content\/uploads\/2017\/02\/ceramique2-184x300.jpg\" alt=\"\" width=\"184\" height=\"300\" srcset=\"https:\/\/sophiepapiau.fr\/wordpress\/wp-content\/uploads\/2017\/02\/ceramique2-184x300.jpg 184w, https:\/\/sophiepapiau.fr\/wordpress\/wp-content\/uploads\/2017\/02\/ceramique2.jpg 430w\" sizes=\"(max-width: 184px) 100vw, 184px\" \/><figcaption id=\"caption-attachment-261\" class=\"wp-caption-text\">Fleur noire C\u00e9ramique \u00e9maill\u00e9e Black flower glazed ceramic 8cm, 2009.<\/figcaption><\/figure>\n<figure id=\"attachment_262\" aria-describedby=\"caption-attachment-262\" style=\"width: 185px\" class=\"wp-caption alignleft\"><img decoding=\"async\" loading=\"lazy\" class=\"wp-image-262 size-medium\" src=\"https:\/\/sophiepapiau.fr\/wordpress\/wp-content\/uploads\/2017\/02\/ceramique3-185x300.jpg\" alt=\"\" width=\"185\" height=\"300\" srcset=\"https:\/\/sophiepapiau.fr\/wordpress\/wp-content\/uploads\/2017\/02\/ceramique3-185x300.jpg 185w, https:\/\/sophiepapiau.fr\/wordpress\/wp-content\/uploads\/2017\/02\/ceramique3.jpg 431w\" sizes=\"(max-width: 185px) 100vw, 185px\" \/><figcaption id=\"caption-attachment-262\" class=\"wp-caption-text\">Gemme vert C\u00e9ramique \u00e9maill\u00e9e Green gem glazed ceramic 8cm, 2008.<\/figcaption><\/figure>\n<figure id=\"attachment_263\" aria-describedby=\"caption-attachment-263\" style=\"width: 165px\" class=\"wp-caption alignright\"><img decoding=\"async\" loading=\"lazy\" class=\"wp-image-263 size-medium\" src=\"https:\/\/sophiepapiau.fr\/wordpress\/wp-content\/uploads\/2017\/02\/ceramique4-165x300.jpg\" alt=\"\" width=\"165\" height=\"300\" srcset=\"https:\/\/sophiepapiau.fr\/wordpress\/wp-content\/uploads\/2017\/02\/ceramique4-165x300.jpg 165w, https:\/\/sophiepapiau.fr\/wordpress\/wp-content\/uploads\/2017\/02\/ceramique4.jpg 384w\" sizes=\"(max-width: 165px) 100vw, 165px\" \/><figcaption id=\"caption-attachment-263\" class=\"wp-caption-text\">Poussi C\u00e9ramique \u00e9maill\u00e9e Poussi glazed ceramic 7cm, 2008<\/figcaption><\/figure>\n<figure id=\"attachment_264\" aria-describedby=\"caption-attachment-264\" style=\"width: 156px\" class=\"wp-caption alignright\"><img decoding=\"async\" loading=\"lazy\" class=\"wp-image-264 size-medium\" src=\"https:\/\/sophiepapiau.fr\/wordpress\/wp-content\/uploads\/2017\/02\/ceramique5-156x300.jpg\" alt=\"\" width=\"156\" height=\"300\" srcset=\"https:\/\/sophiepapiau.fr\/wordpress\/wp-content\/uploads\/2017\/02\/ceramique5-156x300.jpg 156w, https:\/\/sophiepapiau.fr\/wordpress\/wp-content\/uploads\/2017\/02\/ceramique5.jpg 363w\" sizes=\"(max-width: 156px) 100vw, 156px\" \/><figcaption id=\"caption-attachment-264\" class=\"wp-caption-text\">Tigr\u00e9 C\u00e9ramique \u00e9maill\u00e9e Tabby glazed ceramic 7cm, 2008.<\/figcaption><\/figure>\n<figure id=\"attachment_265\" aria-describedby=\"caption-attachment-265\" style=\"width: 181px\" class=\"wp-caption alignnone\"><img decoding=\"async\" loading=\"lazy\" class=\"wp-image-265 size-medium\" src=\"https:\/\/sophiepapiau.fr\/wordpress\/wp-content\/uploads\/2017\/02\/molaireflameor7cmceramique-181x300.jpg\" alt=\"\" width=\"181\" height=\"300\" srcset=\"https:\/\/sophiepapiau.fr\/wordpress\/wp-content\/uploads\/2017\/02\/molaireflameor7cmceramique-181x300.jpg 181w, https:\/\/sophiepapiau.fr\/wordpress\/wp-content\/uploads\/2017\/02\/molaireflameor7cmceramique.jpg 302w\" sizes=\"(max-width: 181px) 100vw, 181px\" \/><figcaption id=\"caption-attachment-265\" class=\"wp-caption-text\">Flame or C\u00e9ramique \u00e9maill\u00e9e Golden Flame glazed ceramic 7cm, 2008<\/figcaption><\/figure>\n<figure id=\"attachment_266\" aria-describedby=\"caption-attachment-266\" style=\"width: 217px\" class=\"wp-caption alignright\"><img decoding=\"async\" loading=\"lazy\" class=\"wp-image-266 size-medium\" src=\"https:\/\/sophiepapiau.fr\/wordpress\/wp-content\/uploads\/2017\/02\/molairerose5cmceramiquee-217x300.jpg\" alt=\"\" width=\"217\" height=\"300\" srcset=\"https:\/\/sophiepapiau.fr\/wordpress\/wp-content\/uploads\/2017\/02\/molairerose5cmceramiquee-217x300.jpg 217w, https:\/\/sophiepapiau.fr\/wordpress\/wp-content\/uploads\/2017\/02\/molairerose5cmceramiquee.jpg 361w\" sizes=\"(max-width: 217px) 100vw, 217px\" \/><figcaption id=\"caption-attachment-266\" class=\"wp-caption-text\">Rose C\u00e9ramique \u00e9maill\u00e9e glazed ceramic 6cm, 2008<\/figcaption><\/figure>\n<figure id=\"attachment_267\" aria-describedby=\"caption-attachment-267\" style=\"width: 187px\" class=\"wp-caption alignright\"><img decoding=\"async\" loading=\"lazy\" class=\"wp-image-267 size-medium\" src=\"https:\/\/sophiepapiau.fr\/wordpress\/wp-content\/uploads\/2017\/02\/molairerosebleuecerr-187x300.jpg\" alt=\"\" width=\"187\" height=\"300\" srcset=\"https:\/\/sophiepapiau.fr\/wordpress\/wp-content\/uploads\/2017\/02\/molairerosebleuecerr-187x300.jpg 187w, https:\/\/sophiepapiau.fr\/wordpress\/wp-content\/uploads\/2017\/02\/molairerosebleuecerr.jpg 312w\" sizes=\"(max-width: 187px) 100vw, 187px\" \/><figcaption id=\"caption-attachment-267\" class=\"wp-caption-text\">Rose bleue C\u00e9ramique \u00e9maill\u00e9e Blue Rose glazed ceramic 8cm, 2008<\/figcaption><\/figure>\n<figure id=\"attachment_268\" aria-describedby=\"caption-attachment-268\" style=\"width: 245px\" class=\"wp-caption alignright\"><img decoding=\"async\" loading=\"lazy\" class=\"wp-image-268 size-medium\" src=\"https:\/\/sophiepapiau.fr\/wordpress\/wp-content\/uploads\/2017\/02\/tetedemortplatine6cmcerami-245x300.jpg\" alt=\"\" width=\"245\" height=\"300\" srcset=\"https:\/\/sophiepapiau.fr\/wordpress\/wp-content\/uploads\/2017\/02\/tetedemortplatine6cmcerami-245x300.jpg 245w, https:\/\/sophiepapiau.fr\/wordpress\/wp-content\/uploads\/2017\/02\/tetedemortplatine6cmcerami.jpg 408w\" sizes=\"(max-width: 245px) 100vw, 245px\" \/><figcaption id=\"caption-attachment-268\" class=\"wp-caption-text\">T\u00eate de mort platine c\u00e9ramique \u00e9maill\u00e9e 6 cm 2009<\/figcaption><\/figure>\n<figure id=\"attachment_260\" aria-describedby=\"caption-attachment-260\" style=\"width: 173px\" class=\"wp-caption alignleft\"><img decoding=\"async\" loading=\"lazy\" class=\"wp-image-260 size-medium\" src=\"https:\/\/sophiepapiau.fr\/wordpress\/wp-content\/uploads\/2017\/02\/ceramique1-173x300.jpg\" alt=\"\" width=\"173\" height=\"300\" srcset=\"https:\/\/sophiepapiau.fr\/wordpress\/wp-content\/uploads\/2017\/02\/ceramique1-173x300.jpg 173w, https:\/\/sophiepapiau.fr\/wordpress\/wp-content\/uploads\/2017\/02\/ceramique1.jpg 403w\" sizes=\"(max-width: 173px) 100vw, 173px\" \/><figcaption id=\"caption-attachment-260\" class=\"wp-caption-text\">Aiguillon bronze C\u00e9ramique \u00e9maill\u00e9e Bronze goad glazed ceramic 12cm, 2009<\/figcaption><\/figure>\n<figure id=\"attachment_255\" aria-describedby=\"caption-attachment-255\" style=\"width: 224px\" class=\"wp-caption alignleft\"><img decoding=\"async\" loading=\"lazy\" class=\"wp-image-255 size-medium\" src=\"https:\/\/sophiepapiau.fr\/wordpress\/wp-content\/uploads\/2017\/02\/ce1-224x300.jpg\" alt=\"\" width=\"224\" height=\"300\" srcset=\"https:\/\/sophiepapiau.fr\/wordpress\/wp-content\/uploads\/2017\/02\/ce1-224x300.jpg 224w, https:\/\/sophiepapiau.fr\/wordpress\/wp-content\/uploads\/2017\/02\/ce1.jpg 448w\" sizes=\"(max-width: 224px) 100vw, 224px\" \/><figcaption id=\"caption-attachment-255\" class=\"wp-caption-text\">Empreinte de main c\u00e9ramique \u00e9maill\u00e9e 11x8cm 2009.<\/figcaption><\/figure>\n<figure id=\"attachment_269\" aria-describedby=\"caption-attachment-269\" style=\"width: 186px\" class=\"wp-caption alignright\"><img decoding=\"async\" loading=\"lazy\" class=\"wp-image-269 size-medium\" src=\"https:\/\/sophiepapiau.fr\/wordpress\/wp-content\/uploads\/2017\/02\/vetcorail5cmm-186x300.jpg\" alt=\"\" width=\"186\" height=\"300\" srcset=\"https:\/\/sophiepapiau.fr\/wordpress\/wp-content\/uploads\/2017\/02\/vetcorail5cmm-186x300.jpg 186w, https:\/\/sophiepapiau.fr\/wordpress\/wp-content\/uploads\/2017\/02\/vetcorail5cmm.jpg 310w\" sizes=\"(max-width: 186px) 100vw, 186px\" \/><figcaption id=\"caption-attachment-269\" class=\"wp-caption-text\">Vet corail C\u00e9ramique \u00e9maill\u00e9e Vet coral glazed ceramic 5cm, 2008<\/figcaption><\/figure>\n","protected":false},"excerpt":{"rendered":"<p>&nbsp; L&rsquo;art prends l&rsquo;air\u00a0 \/ Atelier bitche \/ Dents \/C\u00e9ramique \u00e9maill\u00e9es tailles variables \/ 2014. &nbsp; &nbsp; \u00a0 Empreintes de main \/ C\u00e9ramiques \u00e9maill\u00e9es \/ 2009. &nbsp; &nbsp; Sweet temptation \/bonbonni\u00e8re \/ C\u00e9ramiques \u00e9maill\u00e9es \/ H : 12cm \/ 2011 &nbsp;<\/p>\n","protected":false},"author":1,"featured_media":265,"parent":77,"menu_order":0,"comment_status":"closed","ping_status":"closed","template":"","meta":[],"_links":{"self":[{"href":"https:\/\/sophiepapiau.fr\/wordpress\/wp-json\/wp\/v2\/pages\/122"}],"collection":[{"href":"https:\/\/sophiepapiau.fr\/wordpress\/wp-json\/wp\/v2\/pages"}],"about":[{"href":"https:\/\/sophiepapiau.fr\/wordpress\/wp-json\/wp\/v2\/types\/page"}],"author":[{"embeddable":true,"href":"https:\/\/sophiepapiau.fr\/wordpress\/wp-json\/wp\/v2\/users\/1"}],"replies":[{"embeddable":true,"href":"https:\/\/sophiepapiau.fr\/wordpress\/wp-json\/wp\/v2\/comments?post=122"}],"version-history":[{"count":10,"href":"https:\/\/sophiepapiau.fr\/wordpress\/wp-json\/wp\/v2\/pages\/122\/revisions"}],"predecessor-version":[{"id":638,"href":"https:\/\/sophiepapiau.fr\/wordpress\/wp-json\/wp\/v2\/pages\/122\/revisions\/638"}],"up":[{"embeddable":true,"href":"https:\/\/sophiepapiau.fr\/wordpress\/wp-json\/wp\/v2\/pages\/77"}],"wp:featuredmedia":[{"embeddable":true,"href":"https:\/\/sophiepapiau.fr\/wordpress\/wp-json\/wp\/v2\/media\/265"}],"wp:attachment":[{"href":"https:\/\/sophiepapiau.fr\/wordpress\/wp-json\/wp\/v2\/media?parent=122"}],"curies":[{"name":"wp","href":"https:\/\/api.w.org\/{rel}","templated":true}]}}