{"id":1207,"date":"2022-12-14T14:41:54","date_gmt":"2022-12-14T13:41:54","guid":{"rendered":"https:\/\/sophiepapiau.fr\/wordpress\/?page_id=1207"},"modified":"2022-12-14T16:29:08","modified_gmt":"2022-12-14T15:29:08","slug":"pink-forest","status":"publish","type":"page","link":"https:\/\/sophiepapiau.fr\/wordpress\/textes\/pink-forest\/","title":{"rendered":"Pink forest \/ Fr \/eng"},"content":{"rendered":"\n<p><strong>Mutatis mutandis<\/strong><\/p>\n\n\n\n<p>Aaaaah! la For\u00eat, c&rsquo;est si joli, solide et bien pratique:<\/p>\n\n\n\n<p>-pour y m\u00e9diter son petit <em><strong>Beaudelaire <\/strong><\/em>illustr\u00e9 : \u00a0\u00bb la Nature est un temple o\u00f9 de vivants piliers etc.\u00a0\u00bb<\/p>\n\n\n\n<p>-pour y balader tout ce qui s&rsquo;agite: chaperons-rouges, chasseurs-cueilleurs, bip\u00e8des, canid\u00e9s et v\u00e9hicules divers&#8230;<\/p>\n\n\n\n<p>-pour y puiser du bon poumon (le deuxi\u00e8me \u00e9tant l&rsquo;Oc\u00e9an)<\/p>\n\n\n\n<p>-pour y tailler de scie de l\u00e0 son lot de Capital&#8230;<\/p>\n\n\n\n<p>Et puis, la plupart du temps, la for\u00eat c&rsquo;est vert, de ce vert qu&rsquo;on esp\u00e8re ou qu&rsquo;on aspire. A chacun sans doute <em>sa<\/em> <em>for\u00eat&#8230;<\/em><\/p>\n\n\n\n<p>Mais \u00e0 l&rsquo;intersection de la Science, de l&rsquo;Ecologie et de l&rsquo;Ontologie, la For\u00eat, au sens de concept, est avant tout un processus communicant, complexe et fragile, un chaos organis\u00e9 et vivant, puissant et vuln\u00e9rable, un micro et macrobiote ramifi\u00e9 \u00e0 la fois dans sa verticalit\u00e9 et son horizontalit\u00e9. Cette quasi <em>\u00ab\u00a0arche<\/em> <em>d&rsquo;alliances\u00a0\u00bb<\/em> constitue le coeur m\u00eame de la d\u00e9marche et de la r\u00e9flexion artistique de Sophie Papiau, au travers d&rsquo;une oeuvre monumentale et \u00e9volutive: la bien nomm\u00e9e <strong>\u00ab\u00a0<\/strong><em><strong>Pink Forest<\/strong><\/em><strong>\u00ab\u00a0<\/strong>.<\/p>\n\n\n\n<p>En proc\u00e9dant d&#8217;embl\u00e9e \u00e0 une double inversion:<\/p>\n\n\n\n<p>&#8211; l&rsquo;une chromatique ( du vert au rose)<\/p>\n\n\n\n<p>&#8211; l&rsquo;autre plastique (du \u00ab\u00a0solide\u00a0\u00bb \u00e0 la l\u00e9g\u00e8ret\u00e9 par l&rsquo;usage du textile)<\/p>\n\n\n\n<p>l&rsquo;artiste fait plus que confronter et interroger notre relation au sensible: elle rend \u00e0 la for\u00eat son statut cr\u00e9ateur et charnel, inscrit dans la patience des \u00e2ges et des m\u00e9tamorphoses<em><strong>. Pink Forest<\/strong><\/em> est aussi une oeuvre ludique de biodiversit\u00e9s: les volumes sont graciles et dodus, \u00e9voquant un \u00e9difice tant suspendu que terrestre par un jeu de formes-peaux translucides, d&rsquo;exosquelettes vibrants, de racines aux pieds de porcelaine, de lianes de fils color\u00e9s&#8230;Mues ou membranes ? Reliques, \u00e9corces vivantes, voyageurs immobiles qui parlent dans l&rsquo;espace ?<\/p>\n\n\n\n<p>Nous sommes soudain invit\u00e9s \u00e0 interagir, \u00e0 nous <em><strong>\u00ab\u00a0enforester\u00a0\u00bb1<\/strong><\/em>, voire \u00e0 danser le tangible&nbsp; et la mouvance de chairs-matrices, sans plus discerner le dehors du dedans.<\/p>\n\n\n\n<p>Mati\u00e8re po\u00e9tique et lieu de plasticit\u00e9s, la For\u00eat devient avec Sophie Papiau, le propos artistique d&rsquo;une re-conciliation n\u00e9cessaire, d&rsquo;autant plus pertinente qu&rsquo;elle&nbsp; questionne en chacun de nous&nbsp; sa part d&rsquo;Amazonie. Il s&rsquo;agit en quelque sorte d&rsquo;augurer l&rsquo;avenir d&rsquo;une <em><strong>\u00ab\u00a0transhumanescence\u00a0\u00bb&nbsp; <\/strong><\/em>en pensant,&nbsp; \u00e0 la mani\u00e8re d&rsquo;un&nbsp; Marcel Duchamp, que Rrose S\u00e9lavy.<\/p>\n\n\n\n<p>Chantal Degardin. Ethno-artiste<\/p>\n\n\n\n<p><em>1 \u00ab\u00a0S&rsquo;enforester. Mythologies et politiques de la for\u00eat d&rsquo;Europe\u00a0\u00bb. Andrea Olga Mantovani et Baptiste Morizot. Ed.D&rsquo;une rive \u00e0 l&rsquo;autre. 2022.<\/em><\/p>\n\n\n\n<p><\/p>\n\n\n\n<p><\/p>\n\n\n\n<p><\/p>\n\n\n\n<p><\/p>\n\n\n\n<p><\/p>\n\n\n\n<p><strong>Mutatis mutandis<\/strong><\/p>\n\n\n\n<p>Weeelll&#8230;The Forest, it&rsquo;s so nice, strong and kindly useful:<\/p>\n\n\n\n<p>-to meditate one&rsquo;s little illustrated <em><strong>Beaudelaire<\/strong><\/em>: \u00a0\u00bb the Nature is a Temple in which living pillars&#8230;\u00a0\u00bb<\/p>\n\n\n\n<p>-to stroll everything&rsquo;s moving: red riding hood, hunter gatherers, various bipeds,canines and vehicles&#8230;<\/p>\n\n\n\n<p>-to draw in good lung ( the second being the Ocean)<\/p>\n\n\n\n<p>-to cut from saw and there one&rsquo;s batch of capital.<\/p>\n\n\n\n<p>And then, most of the time, forest is green, made of that green we hope or we breathe in. To everyone <em><strong>its forest.<\/strong><\/em><\/p>\n\n\n\n<p>But at the intersection of Science, Ecology and Ontology, the Forest , in sense of a concept, is first of all, a communicative process, complex and delicate, an organized and living chaos, powerful and vulnerable,a micro and macro-biota both branched in its verticality and its horizontality.<\/p>\n\n\n\n<p>That nearly <em><strong>\u00ab\u00a0ark of covenants\u00a0\u00bb<\/strong><\/em> constitutes the very heart of the artistic demarch and reflexion of Sophie Papiau, within a monumental evolutive oeuvre: the well named \u00ab\u00a0<em><strong>Pink Forest<\/strong><\/em>\u00ab\u00a0.<\/p>\n\n\n\n<p>Proceeding right away in a double inversion:<\/p>\n\n\n\n<p>one chromatic (from green to pink)<\/p>\n\n\n\n<p>one plastique (from \u00ab\u00a0solid\u00a0\u00bb to lightness by use of textile)<\/p>\n\n\n\n<p>the artist does more than confront and interpellate our relationship to sensible: she gives back to Forest its creative and fleshy power, written in patience of ages and metamorphosis. <em><strong>Pink Forest&nbsp; <\/strong><\/em>is also a playful oeuvre made of&nbsp; bio-diversities: volumes are slender and plump, evocating a&nbsp; suspended as terrestrial building, within a game of translucid skinny forms, vibrant exoskeletons, porcelain feet roots, coloured threads lianas&#8230; Sloughings or membrans? Relics, living barks, motionless travelers talking in the space? We are suddenly invited to interact, to <em><strong>\u00ab\u00a0inforest\u00a0\u00bb1, <\/strong><\/em>and even to dance the palpable and the movement of fleshes-matrices, without discerning outside from inside.<\/p>\n\n\n\n<p>As a poetic and plasticities place , the Forest becomes with Sophie Papiau, the artistic purpose of a necessary re- conciliation, as much more pertinent that it questions one&rsquo;s part of Amazonia. It is the matter for foreseeing the future of a \u00ab\u00a0<em><strong>transhumanescence<\/strong><\/em>\u00a0\u00bb thinking&nbsp; as did Marcel Duchamp that Rrose S\u00e9lavy.<\/p>\n\n\n\n<p>Chantal Degardin. Ethno-artiste<\/p>\n","protected":false},"excerpt":{"rendered":"<p>Mutatis mutandis Aaaaah! la For\u00eat, c&rsquo;est si joli, solide et bien pratique: -pour y m\u00e9diter son petit Beaudelaire illustr\u00e9 : \u00a0\u00bb la Nature est un temple o\u00f9 de vivants piliers etc.\u00a0\u00bb -pour y balader tout ce qui s&rsquo;agite: chaperons-rouges, chasseurs-cueilleurs, bip\u00e8des, canid\u00e9s et v\u00e9hicules divers&#8230; -pour y puiser du bon poumon (le deuxi\u00e8me \u00e9tant l&rsquo;Oc\u00e9an) -pour y tailler de scie de l\u00e0 son lot de Capital&#8230; Et puis, la plupart.. <a href=\"https:\/\/sophiepapiau.fr\/wordpress\/textes\/pink-forest\/\">Read More<\/a><\/p>\n","protected":false},"author":1,"featured_media":0,"parent":47,"menu_order":1,"comment_status":"closed","ping_status":"closed","template":"","meta":[],"_links":{"self":[{"href":"https:\/\/sophiepapiau.fr\/wordpress\/wp-json\/wp\/v2\/pages\/1207"}],"collection":[{"href":"https:\/\/sophiepapiau.fr\/wordpress\/wp-json\/wp\/v2\/pages"}],"about":[{"href":"https:\/\/sophiepapiau.fr\/wordpress\/wp-json\/wp\/v2\/types\/page"}],"author":[{"embeddable":true,"href":"https:\/\/sophiepapiau.fr\/wordpress\/wp-json\/wp\/v2\/users\/1"}],"replies":[{"embeddable":true,"href":"https:\/\/sophiepapiau.fr\/wordpress\/wp-json\/wp\/v2\/comments?post=1207"}],"version-history":[{"count":3,"href":"https:\/\/sophiepapiau.fr\/wordpress\/wp-json\/wp\/v2\/pages\/1207\/revisions"}],"predecessor-version":[{"id":1224,"href":"https:\/\/sophiepapiau.fr\/wordpress\/wp-json\/wp\/v2\/pages\/1207\/revisions\/1224"}],"up":[{"embeddable":true,"href":"https:\/\/sophiepapiau.fr\/wordpress\/wp-json\/wp\/v2\/pages\/47"}],"wp:attachment":[{"href":"https:\/\/sophiepapiau.fr\/wordpress\/wp-json\/wp\/v2\/media?parent=1207"}],"curies":[{"name":"wp","href":"https:\/\/api.w.org\/{rel}","templated":true}]}}