{"id":120,"date":"2017-02-01T16:57:20","date_gmt":"2017-02-01T15:57:20","guid":{"rendered":"http:\/\/sophiepapiau.fr\/wordpress\/?page_id=120"},"modified":"2018-03-08T16:10:51","modified_gmt":"2018-03-08T15:10:51","slug":"volumes","status":"publish","type":"page","link":"https:\/\/sophiepapiau.fr\/wordpress\/work\/volumes\/","title":{"rendered":"Sculptures"},"content":{"rendered":"<figure id=\"attachment_187\" aria-describedby=\"caption-attachment-187\" style=\"width: 500px\" class=\"wp-caption aligncenter\"><img decoding=\"async\" loading=\"lazy\" class=\"wp-image-187\" src=\"https:\/\/sophiepapiau.fr\/wordpress\/wp-content\/uploads\/2017\/04\/Zygote-1-252x300.jpg\" alt=\"\" width=\"500\" height=\"595\" srcset=\"https:\/\/sophiepapiau.fr\/wordpress\/wp-content\/uploads\/2017\/04\/Zygote-1-252x300.jpg 252w, https:\/\/sophiepapiau.fr\/wordpress\/wp-content\/uploads\/2017\/04\/Zygote-1-768x914.jpg 768w, https:\/\/sophiepapiau.fr\/wordpress\/wp-content\/uploads\/2017\/04\/Zygote-1-860x1024.jpg 860w, https:\/\/sophiepapiau.fr\/wordpress\/wp-content\/uploads\/2017\/04\/Zygote-1.jpg 1823w\" sizes=\"(max-width: 500px) 100vw, 500px\" \/><figcaption id=\"caption-attachment-187\" class=\"wp-caption-text\">Mono zygote, 2015, Centre d&rsquo;art de Moulinsart, 1,80m, Tissus,c\u00e9ramiques \u00e9maill\u00e9es, trapilho.<\/figcaption><\/figure>\n<p><img decoding=\"async\" loading=\"lazy\" class=\"wp-image-275 aligncenter\" src=\"https:\/\/sophiepapiau.fr\/wordpress\/wp-content\/uploads\/2017\/02\/Double-zygote--300x270.jpg\" alt=\"\" width=\"742\" height=\"668\" srcset=\"https:\/\/sophiepapiau.fr\/wordpress\/wp-content\/uploads\/2017\/02\/Double-zygote--300x270.jpg 300w, https:\/\/sophiepapiau.fr\/wordpress\/wp-content\/uploads\/2017\/02\/Double-zygote-.jpg 750w\" sizes=\"(max-width: 742px) 100vw, 742px\" \/><br \/>\nDouble zygote <em>tissus,c\u00e9ramique, teinture, trapilho.<\/em><\/p>\n<figure id=\"attachment_432\" aria-describedby=\"caption-attachment-432\" style=\"width: 347px\" class=\"wp-caption aligncenter\"><img decoding=\"async\" loading=\"lazy\" class=\"wp-image-432\" src=\"https:\/\/sophiepapiau.fr\/wordpress\/wp-content\/uploads\/2018\/02\/P10002122-165x300.jpg\" alt=\"\" width=\"347\" height=\"631\" srcset=\"https:\/\/sophiepapiau.fr\/wordpress\/wp-content\/uploads\/2018\/02\/P10002122-165x300.jpg 165w, https:\/\/sophiepapiau.fr\/wordpress\/wp-content\/uploads\/2018\/02\/P10002122-768x1395.jpg 768w, https:\/\/sophiepapiau.fr\/wordpress\/wp-content\/uploads\/2018\/02\/P10002122-564x1024.jpg 564w, https:\/\/sophiepapiau.fr\/wordpress\/wp-content\/uploads\/2018\/02\/P10002122.jpg 780w\" sizes=\"(max-width: 347px) 100vw, 347px\" \/><figcaption id=\"caption-attachment-432\" class=\"wp-caption-text\">Yda, 1,20m \/2015 \/ tissu, porcelaine, trapilho.<\/figcaption><\/figure>\n<p>&nbsp;<\/p>\n<p>&nbsp;<\/p>\n<figure id=\"attachment_434\" aria-describedby=\"caption-attachment-434\" style=\"width: 313px\" class=\"wp-caption aligncenter\"><img decoding=\"async\" loading=\"lazy\" class=\"wp-image-434\" src=\"https:\/\/sophiepapiau.fr\/wordpress\/wp-content\/uploads\/2018\/02\/Rya--292x300.jpg\" alt=\"Rya, 70cm \/ 2015 \/ Frabric, porcelain, embroidery.\" width=\"313\" height=\"322\" srcset=\"https:\/\/sophiepapiau.fr\/wordpress\/wp-content\/uploads\/2018\/02\/Rya--292x300.jpg 292w, https:\/\/sophiepapiau.fr\/wordpress\/wp-content\/uploads\/2018\/02\/Rya--768x788.jpg 768w, https:\/\/sophiepapiau.fr\/wordpress\/wp-content\/uploads\/2018\/02\/Rya--998x1024.jpg 998w, https:\/\/sophiepapiau.fr\/wordpress\/wp-content\/uploads\/2018\/02\/Rya-.jpg 1036w\" sizes=\"(max-width: 313px) 100vw, 313px\" \/><figcaption id=\"caption-attachment-434\" class=\"wp-caption-text\">Rya, 70cm \/ 2015 \/ Tissu, porcelaine, broderie\u00a0\u00a0 \u00a0 \u00a0 \u00a0 Frabric, porcelain, embroidery.<\/figcaption><\/figure>\n<p>&nbsp;<\/p>\n<figure id=\"attachment_437\" aria-describedby=\"caption-attachment-437\" style=\"width: 408px\" class=\"wp-caption aligncenter\"><img decoding=\"async\" loading=\"lazy\" class=\"wp-image-437\" src=\"https:\/\/sophiepapiau.fr\/wordpress\/wp-content\/uploads\/2018\/02\/vo3-298x300.jpg\" alt=\"\" width=\"408\" height=\"411\" srcset=\"https:\/\/sophiepapiau.fr\/wordpress\/wp-content\/uploads\/2018\/02\/vo3-298x300.jpg 298w, https:\/\/sophiepapiau.fr\/wordpress\/wp-content\/uploads\/2018\/02\/vo3-150x150.jpg 150w, https:\/\/sophiepapiau.fr\/wordpress\/wp-content\/uploads\/2018\/02\/vo3.jpg 596w\" sizes=\"(max-width: 408px) 100vw, 408px\" \/><figcaption id=\"caption-attachment-437\" class=\"wp-caption-text\">Objet-sph\u00e9re-\u00e9l\u00e9phant, 70 cm, 2010 \/ \u00e9l\u00e9ment de l&rsquo;installation Objet mutant r\u00e9alis\u00e9e avec Heather Lyon.<\/figcaption><\/figure>\n<p>&nbsp;<\/p>\n<p>&nbsp;<\/p>\n","protected":false},"excerpt":{"rendered":"<p>Double zygote tissus,c\u00e9ramique, teinture, trapilho. &nbsp; &nbsp; &nbsp; &nbsp; &nbsp;<\/p>\n","protected":false},"author":1,"featured_media":0,"parent":77,"menu_order":0,"comment_status":"closed","ping_status":"closed","template":"","meta":[],"_links":{"self":[{"href":"https:\/\/sophiepapiau.fr\/wordpress\/wp-json\/wp\/v2\/pages\/120"}],"collection":[{"href":"https:\/\/sophiepapiau.fr\/wordpress\/wp-json\/wp\/v2\/pages"}],"about":[{"href":"https:\/\/sophiepapiau.fr\/wordpress\/wp-json\/wp\/v2\/types\/page"}],"author":[{"embeddable":true,"href":"https:\/\/sophiepapiau.fr\/wordpress\/wp-json\/wp\/v2\/users\/1"}],"replies":[{"embeddable":true,"href":"https:\/\/sophiepapiau.fr\/wordpress\/wp-json\/wp\/v2\/comments?post=120"}],"version-history":[{"count":19,"href":"https:\/\/sophiepapiau.fr\/wordpress\/wp-json\/wp\/v2\/pages\/120\/revisions"}],"predecessor-version":[{"id":648,"href":"https:\/\/sophiepapiau.fr\/wordpress\/wp-json\/wp\/v2\/pages\/120\/revisions\/648"}],"up":[{"embeddable":true,"href":"https:\/\/sophiepapiau.fr\/wordpress\/wp-json\/wp\/v2\/pages\/77"}],"wp:attachment":[{"href":"https:\/\/sophiepapiau.fr\/wordpress\/wp-json\/wp\/v2\/media?parent=120"}],"curies":[{"name":"wp","href":"https:\/\/api.w.org\/{rel}","templated":true}]}}